{"id":402,"date":"2021-08-06T17:55:37","date_gmt":"2021-08-06T14:55:37","guid":{"rendered":"https:\/\/demo.pinaruretmen.com\/?page_id=402"},"modified":"2021-08-12T10:30:09","modified_gmt":"2021-08-12T07:30:09","slug":"sinema-kosesi","status":"publish","type":"page","link":"https:\/\/pinaruretmen.com\/?page_id=402","title":{"rendered":"Film Analizleri"},"content":{"rendered":"\n<div class=\"wp-block-media-text alignwide is-stacked-on-mobile\" style=\"grid-template-columns:20% auto\"><figure class=\"wp-block-media-text__media\"><a href=\"https:\/\/pinaruretmen.com\/?p=470\"><img loading=\"lazy\" decoding=\"async\" width=\"364\" height=\"244\" src=\"https:\/\/pinaruretmen.com\/wp-content\/uploads\/2021\/08\/ucurtma-avcisi.jpg\" alt=\"ucurtma-avcisi-film\" class=\"wp-image-424 size-full\" srcset=\"https:\/\/pinaruretmen.com\/wp-content\/uploads\/2021\/08\/ucurtma-avcisi.jpg 364w, https:\/\/pinaruretmen.com\/wp-content\/uploads\/2021\/08\/ucurtma-avcisi-300x201.jpg 300w\" sizes=\"auto, (max-width: 364px) 100vw, 364px\" \/><\/a><\/figure><div class=\"wp-block-media-text__content\">\n<p class=\"has-large-font-size\"><a href=\"https:\/\/pinaruretmen.com\/?p=470\">U\u00e7urtma Avc\u0131s\u0131<\/a><\/p>\n<\/div><\/div>\n\n\n\n<div style=\"height:100px\" aria-hidden=\"true\" class=\"wp-block-spacer\"><\/div>\n\n\n\n<div class=\"wp-block-media-text alignwide is-stacked-on-mobile\" style=\"grid-template-columns:20% auto\"><figure class=\"wp-block-media-text__media\"><a href=\"https:\/\/pinaruretmen.com\/?p=472\"><img loading=\"lazy\" decoding=\"async\" width=\"193\" height=\"270\" src=\"https:\/\/pinaruretmen.com\/wp-content\/uploads\/2021\/08\/taksi-driver.jpg\" alt=\"taksi-driver-film\" class=\"wp-image-423 size-full\"\/><\/a><\/figure><div class=\"wp-block-media-text__content\">\n<p class=\"has-large-font-size\"><a href=\"https:\/\/pinaruretmen.com\/?p=472\">Taksi driver<\/a><\/p>\n<\/div><\/div>\n\n\n\n<div style=\"height:100px\" aria-hidden=\"true\" class=\"wp-block-spacer\"><\/div>\n\n\n\n<div class=\"wp-block-media-text alignwide is-stacked-on-mobile\" style=\"grid-template-columns:20% auto\"><figure class=\"wp-block-media-text__media\"><a href=\"https:\/\/pinaruretmen.com\/?p=476\"><img loading=\"lazy\" decoding=\"async\" width=\"325\" height=\"244\" src=\"https:\/\/pinaruretmen.com\/wp-content\/uploads\/2021\/08\/okuyucu.jpg\" alt=\"okuyucu-film\" class=\"wp-image-422 size-full\" srcset=\"https:\/\/pinaruretmen.com\/wp-content\/uploads\/2021\/08\/okuyucu.jpg 325w, https:\/\/pinaruretmen.com\/wp-content\/uploads\/2021\/08\/okuyucu-300x225.jpg 300w\" sizes=\"auto, (max-width: 325px) 100vw, 325px\" \/><\/a><\/figure><div class=\"wp-block-media-text__content\">\n<p class=\"has-large-font-size\"><a href=\"https:\/\/pinaruretmen.com\/?p=476\">Okuyucu<\/a><\/p>\n<\/div><\/div>\n\n\n\n<div style=\"height:100px\" aria-hidden=\"true\" class=\"wp-block-spacer\"><\/div>\n\n\n\n<div class=\"wp-block-media-text alignwide is-stacked-on-mobile\" style=\"grid-template-columns:20% auto\"><figure class=\"wp-block-media-text__media\"><a href=\"https:\/\/pinaruretmen.com\/?p=476\"><img loading=\"lazy\" decoding=\"async\" width=\"404\" height=\"229\" src=\"https:\/\/pinaruretmen.com\/wp-content\/uploads\/2021\/08\/barbarlari-beklerken.jpg\" alt=\"barbarlari-beklerken-film\" class=\"wp-image-421 size-full\" srcset=\"https:\/\/pinaruretmen.com\/wp-content\/uploads\/2021\/08\/barbarlari-beklerken.jpg 404w, https:\/\/pinaruretmen.com\/wp-content\/uploads\/2021\/08\/barbarlari-beklerken-300x170.jpg 300w\" sizes=\"auto, (max-width: 404px) 100vw, 404px\" \/><\/a><\/figure><div class=\"wp-block-media-text__content\">\n<p class=\"has-large-font-size\"><a href=\"https:\/\/pinaruretmen.com\/?p=476\">Barbarlar\u0131 Beklerken<\/a><\/p>\n<\/div><\/div>\n","protected":false},"excerpt":{"rendered":"<p>U\u00e7urtma Avc\u0131s\u0131 Taksi driver Okuyucu Barbarlar\u0131 Beklerken<\/p>\n","protected":false},"author":1,"featured_media":365,"parent":0,"menu_order":0,"comment_status":"closed","ping_status":"closed","template":"","meta":{"footnotes":""},"class_list":["post-402","page","type-page","status-publish","has-post-thumbnail","hentry"],"yoast_head":"<!-- This site is optimized with the Yoast SEO plugin v23.1 - https:\/\/yoast.com\/wordpress\/plugins\/seo\/ -->\n<title>Film Analizleri | Dr. P\u0131nar \u00dcretmen | Sinema | Film | Film Analizleri<\/title>\n<meta name=\"description\" content=\"Dr. P\u0131nar \u00dcretmen Film Analizleri \u0130le ilgili Yorum, Ele\u015ftiri ve Blog Yaz\u0131lar\u0131na Dair Her\u015fey!, U\u00e7urtma Avc\u0131s\u0131, Taksi Driver, Okuyucu, Barbarlar\u0131 Beklerken\" \/>\n<meta name=\"robots\" content=\"index, follow, max-snippet:-1, max-image-preview:large, max-video-preview:-1\" \/>\n<link rel=\"canonical\" href=\"https:\/\/pinaruretmen.com\/?page_id=402\" \/>\n<meta property=\"og:locale\" content=\"tr_TR\" \/>\n<meta property=\"og:type\" content=\"article\" \/>\n<meta property=\"og:title\" content=\"Film Analizleri | Dr. P\u0131nar \u00dcretmen | Sinema | Film | Film Analizleri\" \/>\n<meta property=\"og:description\" content=\"Dr. P\u0131nar \u00dcretmen Film Analizleri \u0130le ilgili Yorum, Ele\u015ftiri ve Blog Yaz\u0131lar\u0131na Dair Her\u015fey!, U\u00e7urtma Avc\u0131s\u0131, Taksi Driver, Okuyucu, Barbarlar\u0131 Beklerken\" \/>\n<meta property=\"og:url\" content=\"https:\/\/pinaruretmen.com\/?page_id=402\" \/>\n<meta property=\"og:site_name\" content=\"Dr. P\u0131nar \u00dcretmen\" \/>\n<meta property=\"article:modified_time\" content=\"2021-08-12T07:30:09+00:00\" \/>\n<meta property=\"og:image\" content=\"https:\/\/pinaruretmen.com\/wp-content\/uploads\/2021\/08\/sinema_kosesi.jpg\" \/>\n\t<meta property=\"og:image:width\" content=\"360\" \/>\n\t<meta property=\"og:image:height\" content=\"240\" \/>\n\t<meta property=\"og:image:type\" content=\"image\/jpeg\" \/>\n<meta name=\"twitter:card\" content=\"summary_large_image\" \/>\n<meta name=\"twitter:label1\" content=\"Tahmini okuma s\u00fcresi\" \/>\n\t<meta name=\"twitter:data1\" content=\"1 dakika\" \/>\n<script type=\"application\/ld+json\" class=\"yoast-schema-graph\">{\"@context\":\"https:\/\/schema.org\",\"@graph\":[{\"@type\":\"WebPage\",\"@id\":\"https:\/\/pinaruretmen.com\/?page_id=402\",\"url\":\"https:\/\/pinaruretmen.com\/?page_id=402\",\"name\":\"Film Analizleri | Dr. P\u0131nar \u00dcretmen | Sinema | Film | Film Analizleri\",\"isPartOf\":{\"@id\":\"https:\/\/pinaruretmen.com\/#website\"},\"primaryImageOfPage\":{\"@id\":\"https:\/\/pinaruretmen.com\/?page_id=402#primaryimage\"},\"image\":{\"@id\":\"https:\/\/pinaruretmen.com\/?page_id=402#primaryimage\"},\"thumbnailUrl\":\"https:\/\/pinaruretmen.com\/wp-content\/uploads\/2021\/08\/sinema_kosesi.jpg\",\"datePublished\":\"2021-08-06T14:55:37+00:00\",\"dateModified\":\"2021-08-12T07:30:09+00:00\",\"description\":\"Dr. P\u0131nar \u00dcretmen Film Analizleri \u0130le ilgili Yorum, Ele\u015ftiri ve Blog Yaz\u0131lar\u0131na Dair Her\u015fey!, U\u00e7urtma Avc\u0131s\u0131, Taksi Driver, Okuyucu, Barbarlar\u0131 Beklerken\",\"breadcrumb\":{\"@id\":\"https:\/\/pinaruretmen.com\/?page_id=402#breadcrumb\"},\"inLanguage\":\"tr\",\"potentialAction\":[{\"@type\":\"ReadAction\",\"target\":[\"https:\/\/pinaruretmen.com\/?page_id=402\"]}]},{\"@type\":\"ImageObject\",\"inLanguage\":\"tr\",\"@id\":\"https:\/\/pinaruretmen.com\/?page_id=402#primaryimage\",\"url\":\"https:\/\/pinaruretmen.com\/wp-content\/uploads\/2021\/08\/sinema_kosesi.jpg\",\"contentUrl\":\"https:\/\/pinaruretmen.com\/wp-content\/uploads\/2021\/08\/sinema_kosesi.jpg\",\"width\":360,\"height\":240,\"caption\":\"sinema-k\u00f6\u015fesi\"},{\"@type\":\"BreadcrumbList\",\"@id\":\"https:\/\/pinaruretmen.com\/?page_id=402#breadcrumb\",\"itemListElement\":[{\"@type\":\"ListItem\",\"position\":1,\"name\":\"Anasayfa\",\"item\":\"https:\/\/pinaruretmen.com\/\"},{\"@type\":\"ListItem\",\"position\":2,\"name\":\"Film Analizleri\"}]},{\"@type\":\"WebSite\",\"@id\":\"https:\/\/pinaruretmen.com\/#website\",\"url\":\"https:\/\/pinaruretmen.com\/\",\"name\":\"Dr. P\u0131nar \u00dcretmen\",\"description\":\"Kitap ve Film Yorumlar\u0131\",\"publisher\":{\"@id\":\"https:\/\/pinaruretmen.com\/#\/schema\/person\/313099443201f94974a1da41a2d91e25\"},\"potentialAction\":[{\"@type\":\"SearchAction\",\"target\":{\"@type\":\"EntryPoint\",\"urlTemplate\":\"https:\/\/pinaruretmen.com\/?s={search_term_string}\"},\"query-input\":\"required name=search_term_string\"}],\"inLanguage\":\"tr\"},{\"@type\":[\"Person\",\"Organization\"],\"@id\":\"https:\/\/pinaruretmen.com\/#\/schema\/person\/313099443201f94974a1da41a2d91e25\",\"name\":\"P\u0131nar \u00dcretmen\",\"image\":{\"@type\":\"ImageObject\",\"inLanguage\":\"tr\",\"@id\":\"https:\/\/pinaruretmen.com\/#\/schema\/person\/image\/\",\"url\":\"https:\/\/pinaruretmen.com\/wp-content\/uploads\/2021\/08\/logo-100px.png\",\"contentUrl\":\"https:\/\/pinaruretmen.com\/wp-content\/uploads\/2021\/08\/logo-100px.png\",\"width\":457,\"height\":100,\"caption\":\"P\u0131nar \u00dcretmen\"},\"logo\":{\"@id\":\"https:\/\/pinaruretmen.com\/#\/schema\/person\/image\/\"},\"sameAs\":[\"https:\/\/pinaruretmen.com\"]}]}<\/script>\n<!-- \/ Yoast SEO plugin. -->","yoast_head_json":{"title":"Film Analizleri | Dr. P\u0131nar \u00dcretmen | Sinema | Film | Film Analizleri","description":"Dr. P\u0131nar \u00dcretmen Film Analizleri \u0130le ilgili Yorum, Ele\u015ftiri ve Blog Yaz\u0131lar\u0131na Dair Her\u015fey!, U\u00e7urtma Avc\u0131s\u0131, Taksi Driver, Okuyucu, Barbarlar\u0131 Beklerken","robots":{"index":"index","follow":"follow","max-snippet":"max-snippet:-1","max-image-preview":"max-image-preview:large","max-video-preview":"max-video-preview:-1"},"canonical":"https:\/\/pinaruretmen.com\/?page_id=402","og_locale":"tr_TR","og_type":"article","og_title":"Film Analizleri | Dr. P\u0131nar \u00dcretmen | Sinema | Film | Film Analizleri","og_description":"Dr. P\u0131nar \u00dcretmen Film Analizleri \u0130le ilgili Yorum, Ele\u015ftiri ve Blog Yaz\u0131lar\u0131na Dair Her\u015fey!, U\u00e7urtma Avc\u0131s\u0131, Taksi Driver, Okuyucu, Barbarlar\u0131 Beklerken","og_url":"https:\/\/pinaruretmen.com\/?page_id=402","og_site_name":"Dr. P\u0131nar \u00dcretmen","article_modified_time":"2021-08-12T07:30:09+00:00","og_image":[{"width":360,"height":240,"url":"https:\/\/pinaruretmen.com\/wp-content\/uploads\/2021\/08\/sinema_kosesi.jpg","type":"image\/jpeg"}],"twitter_card":"summary_large_image","twitter_misc":{"Tahmini okuma s\u00fcresi":"1 dakika"},"schema":{"@context":"https:\/\/schema.org","@graph":[{"@type":"WebPage","@id":"https:\/\/pinaruretmen.com\/?page_id=402","url":"https:\/\/pinaruretmen.com\/?page_id=402","name":"Film Analizleri | Dr. P\u0131nar \u00dcretmen | Sinema | Film | Film Analizleri","isPartOf":{"@id":"https:\/\/pinaruretmen.com\/#website"},"primaryImageOfPage":{"@id":"https:\/\/pinaruretmen.com\/?page_id=402#primaryimage"},"image":{"@id":"https:\/\/pinaruretmen.com\/?page_id=402#primaryimage"},"thumbnailUrl":"https:\/\/pinaruretmen.com\/wp-content\/uploads\/2021\/08\/sinema_kosesi.jpg","datePublished":"2021-08-06T14:55:37+00:00","dateModified":"2021-08-12T07:30:09+00:00","description":"Dr. P\u0131nar \u00dcretmen Film Analizleri \u0130le ilgili Yorum, Ele\u015ftiri ve Blog Yaz\u0131lar\u0131na Dair Her\u015fey!, U\u00e7urtma Avc\u0131s\u0131, Taksi Driver, Okuyucu, Barbarlar\u0131 Beklerken","breadcrumb":{"@id":"https:\/\/pinaruretmen.com\/?page_id=402#breadcrumb"},"inLanguage":"tr","potentialAction":[{"@type":"ReadAction","target":["https:\/\/pinaruretmen.com\/?page_id=402"]}]},{"@type":"ImageObject","inLanguage":"tr","@id":"https:\/\/pinaruretmen.com\/?page_id=402#primaryimage","url":"https:\/\/pinaruretmen.com\/wp-content\/uploads\/2021\/08\/sinema_kosesi.jpg","contentUrl":"https:\/\/pinaruretmen.com\/wp-content\/uploads\/2021\/08\/sinema_kosesi.jpg","width":360,"height":240,"caption":"sinema-k\u00f6\u015fesi"},{"@type":"BreadcrumbList","@id":"https:\/\/pinaruretmen.com\/?page_id=402#breadcrumb","itemListElement":[{"@type":"ListItem","position":1,"name":"Anasayfa","item":"https:\/\/pinaruretmen.com\/"},{"@type":"ListItem","position":2,"name":"Film Analizleri"}]},{"@type":"WebSite","@id":"https:\/\/pinaruretmen.com\/#website","url":"https:\/\/pinaruretmen.com\/","name":"Dr. P\u0131nar \u00dcretmen","description":"Kitap ve Film Yorumlar\u0131","publisher":{"@id":"https:\/\/pinaruretmen.com\/#\/schema\/person\/313099443201f94974a1da41a2d91e25"},"potentialAction":[{"@type":"SearchAction","target":{"@type":"EntryPoint","urlTemplate":"https:\/\/pinaruretmen.com\/?s={search_term_string}"},"query-input":"required name=search_term_string"}],"inLanguage":"tr"},{"@type":["Person","Organization"],"@id":"https:\/\/pinaruretmen.com\/#\/schema\/person\/313099443201f94974a1da41a2d91e25","name":"P\u0131nar \u00dcretmen","image":{"@type":"ImageObject","inLanguage":"tr","@id":"https:\/\/pinaruretmen.com\/#\/schema\/person\/image\/","url":"https:\/\/pinaruretmen.com\/wp-content\/uploads\/2021\/08\/logo-100px.png","contentUrl":"https:\/\/pinaruretmen.com\/wp-content\/uploads\/2021\/08\/logo-100px.png","width":457,"height":100,"caption":"P\u0131nar \u00dcretmen"},"logo":{"@id":"https:\/\/pinaruretmen.com\/#\/schema\/person\/image\/"},"sameAs":["https:\/\/pinaruretmen.com"]}]}},"_links":{"self":[{"href":"https:\/\/pinaruretmen.com\/index.php?rest_route=\/wp\/v2\/pages\/402","targetHints":{"allow":["GET"]}}],"collection":[{"href":"https:\/\/pinaruretmen.com\/index.php?rest_route=\/wp\/v2\/pages"}],"about":[{"href":"https:\/\/pinaruretmen.com\/index.php?rest_route=\/wp\/v2\/types\/page"}],"author":[{"embeddable":true,"href":"https:\/\/pinaruretmen.com\/index.php?rest_route=\/wp\/v2\/users\/1"}],"replies":[{"embeddable":true,"href":"https:\/\/pinaruretmen.com\/index.php?rest_route=%2Fwp%2Fv2%2Fcomments&post=402"}],"version-history":[{"count":9,"href":"https:\/\/pinaruretmen.com\/index.php?rest_route=\/wp\/v2\/pages\/402\/revisions"}],"predecessor-version":[{"id":605,"href":"https:\/\/pinaruretmen.com\/index.php?rest_route=\/wp\/v2\/pages\/402\/revisions\/605"}],"wp:featuredmedia":[{"embeddable":true,"href":"https:\/\/pinaruretmen.com\/index.php?rest_route=\/wp\/v2\/media\/365"}],"wp:attachment":[{"href":"https:\/\/pinaruretmen.com\/index.php?rest_route=%2Fwp%2Fv2%2Fmedia&parent=402"}],"curies":[{"name":"wp","href":"https:\/\/api.w.org\/{rel}","templated":true}]}}