{"id":23,"date":"2018-02-15T07:15:49","date_gmt":"2018-02-15T07:15:49","guid":{"rendered":"https:\/\/demo.themegrill.com\/spacious-blog\/?page_id=23"},"modified":"2021-08-09T13:51:51","modified_gmt":"2021-08-09T10:51:51","slug":"about-me","status":"publish","type":"page","link":"https:\/\/pinaruretmen.com\/?page_id=23","title":{"rendered":"Hakk\u0131mda"},"content":{"rendered":"\t\t<div data-elementor-type=\"wp-post\" data-elementor-id=\"23\" class=\"elementor elementor-23\" data-elementor-settings=\"[]\">\n\t\t\t\t\t\t\t<div class=\"elementor-section-wrap\">\n\t\t\t\t\t\t\t<section class=\"elementor-section elementor-top-section elementor-element elementor-element-106e7f2 elementor-section-full_width elementor-section-height-default elementor-section-height-default\" data-id=\"106e7f2\" data-element_type=\"section\">\n\t\t\t\t\t\t<div class=\"elementor-container elementor-column-gap-default\">\n\t\t\t\t\t<div class=\"elementor-column elementor-col-33 elementor-top-column elementor-element elementor-element-a87215d\" data-id=\"a87215d\" data-element_type=\"column\">\n\t\t\t<div class=\"elementor-widget-wrap elementor-element-populated\">\n\t\t\t\t\t\t\t\t<div class=\"elementor-element elementor-element-2a9c83f elementor-widget elementor-widget-heading\" data-id=\"2a9c83f\" data-element_type=\"widget\" data-widget_type=\"heading.default\">\n\t\t\t\t<div class=\"elementor-widget-container\">\n\t\t\t<h3 class=\"elementor-heading-title elementor-size-medium\">Beni Takip Edin:<\/h3>\t\t<\/div>\n\t\t\t\t<\/div>\n\t\t\t\t\t<\/div>\n\t\t<\/div>\n\t\t\t\t<div class=\"elementor-column elementor-col-66 elementor-top-column elementor-element elementor-element-0cf3e10\" data-id=\"0cf3e10\" data-element_type=\"column\">\n\t\t\t<div class=\"elementor-widget-wrap elementor-element-populated\">\n\t\t\t\t\t\t\t\t<div class=\"elementor-element elementor-element-a1a7e14 e-grid-align-left elementor-shape-rounded elementor-grid-0 elementor-widget elementor-widget-social-icons\" data-id=\"a1a7e14\" data-element_type=\"widget\" data-widget_type=\"social-icons.default\">\n\t\t\t\t<div class=\"elementor-widget-container\">\n\t\t\t\t\t<div class=\"elementor-social-icons-wrapper elementor-grid\">\n\t\t\t\t\t\t\t<span class=\"elementor-grid-item\">\n\t\t\t\t\t<a class=\"elementor-icon elementor-social-icon elementor-social-icon-twitter elementor-repeater-item-f400f38\" href=\"https:\/\/twitter.com\/pinartistaa\" target=\"_blank\">\n\t\t\t\t\t\t<span class=\"elementor-screen-only\">Twitter<\/span>\n\t\t\t\t\t\t<i class=\"fab fa-twitter\"><\/i>\t\t\t\t\t<\/a>\n\t\t\t\t<\/span>\n\t\t\t\t\t\t\t<span class=\"elementor-grid-item\">\n\t\t\t\t\t<a class=\"elementor-icon elementor-social-icon elementor-social-icon-instagram elementor-repeater-item-0cb930d\" href=\"https:\/\/www.instagram.com\/pinart.ista\/\" target=\"_blank\">\n\t\t\t\t\t\t<span class=\"elementor-screen-only\">Instagram<\/span>\n\t\t\t\t\t\t<i class=\"fab fa-instagram\"><\/i>\t\t\t\t\t<\/a>\n\t\t\t\t<\/span>\n\t\t\t\t\t\t\t<span class=\"elementor-grid-item\">\n\t\t\t\t\t<a class=\"elementor-icon elementor-social-icon elementor-social-icon-youtube elementor-repeater-item-1bc267f\" href=\"https:\/\/www.youtube.com\/channel\/UCJo_7IE2PPRMyPD9iLs4v_w\" target=\"_blank\">\n\t\t\t\t\t\t<span class=\"elementor-screen-only\">Youtube<\/span>\n\t\t\t\t\t\t<i class=\"fab fa-youtube\"><\/i>\t\t\t\t\t<\/a>\n\t\t\t\t<\/span>\n\t\t\t\t\t<\/div>\n\t\t\t\t<\/div>\n\t\t\t\t<\/div>\n\t\t\t\t\t<\/div>\n\t\t<\/div>\n\t\t\t\t\t\t\t<\/div>\n\t\t<\/section>\n\t\t\t\t\t\t<\/div>\n\t\t\t\t\t<\/div>\n\t\t","protected":false},"excerpt":{"rendered":"<p>Beni Takip Edin: Twitter Instagram Youtube<\/p>\n","protected":false},"author":1,"featured_media":361,"parent":0,"menu_order":0,"comment_status":"closed","ping_status":"closed","template":"page-templates\/page-builder.php","meta":{"footnotes":""},"class_list":["post-23","page","type-page","status-publish","has-post-thumbnail","hentry"],"yoast_head":"<!-- This site is optimized with the Yoast SEO plugin v23.1 - https:\/\/yoast.com\/wordpress\/plugins\/seo\/ -->\n<title>Hakk\u0131mda | Dr. P\u0131nar \u00dcretmen | Kimdir ? | Merak Ettikleriniz<\/title>\n<meta name=\"description\" content=\"Dr. P\u0131nar \u00dcretmen Hakk\u0131nda Merak Ettikleriniz ve Kim Oldu\u011funu, Dr. P\u0131nar \u00dcretmen Kimdir ?, Kitap ve Film Yorumlar\u0131n\u0131 g\u00f6rmek ve \u00f6\u011frenmek i\u00e7in.\" \/>\n<meta name=\"robots\" content=\"index, follow, max-snippet:-1, max-image-preview:large, max-video-preview:-1\" \/>\n<link rel=\"canonical\" href=\"https:\/\/pinaruretmen.com\/?page_id=23\" \/>\n<meta property=\"og:locale\" content=\"tr_TR\" \/>\n<meta property=\"og:type\" content=\"article\" \/>\n<meta property=\"og:title\" content=\"Hakk\u0131mda | Dr. P\u0131nar \u00dcretmen | Kimdir ? | Merak Ettikleriniz\" \/>\n<meta property=\"og:description\" content=\"Dr. P\u0131nar \u00dcretmen Hakk\u0131nda Merak Ettikleriniz ve Kim Oldu\u011funu, Dr. P\u0131nar \u00dcretmen Kimdir ?, Kitap ve Film Yorumlar\u0131n\u0131 g\u00f6rmek ve \u00f6\u011frenmek i\u00e7in.\" \/>\n<meta property=\"og:url\" content=\"https:\/\/pinaruretmen.com\/?page_id=23\" \/>\n<meta property=\"og:site_name\" content=\"Dr. P\u0131nar \u00dcretmen\" \/>\n<meta property=\"article:modified_time\" content=\"2021-08-09T10:51:51+00:00\" \/>\n<meta property=\"og:image\" content=\"https:\/\/pinaruretmen.com\/wp-content\/uploads\/2021\/08\/hakkimda.jpg\" \/>\n\t<meta property=\"og:image:width\" content=\"360\" \/>\n\t<meta property=\"og:image:height\" content=\"240\" \/>\n\t<meta property=\"og:image:type\" content=\"image\/jpeg\" \/>\n<meta name=\"twitter:card\" content=\"summary_large_image\" \/>\n<meta name=\"twitter:label1\" content=\"Tahmini okuma s\u00fcresi\" \/>\n\t<meta name=\"twitter:data1\" content=\"1 dakika\" \/>\n<script type=\"application\/ld+json\" class=\"yoast-schema-graph\">{\"@context\":\"https:\/\/schema.org\",\"@graph\":[{\"@type\":\"WebPage\",\"@id\":\"https:\/\/pinaruretmen.com\/?page_id=23\",\"url\":\"https:\/\/pinaruretmen.com\/?page_id=23\",\"name\":\"Hakk\u0131mda | Dr. P\u0131nar \u00dcretmen | Kimdir ? | Merak Ettikleriniz\",\"isPartOf\":{\"@id\":\"https:\/\/pinaruretmen.com\/#website\"},\"primaryImageOfPage\":{\"@id\":\"https:\/\/pinaruretmen.com\/?page_id=23#primaryimage\"},\"image\":{\"@id\":\"https:\/\/pinaruretmen.com\/?page_id=23#primaryimage\"},\"thumbnailUrl\":\"https:\/\/pinaruretmen.com\/wp-content\/uploads\/2021\/08\/hakkimda.jpg\",\"datePublished\":\"2018-02-15T07:15:49+00:00\",\"dateModified\":\"2021-08-09T10:51:51+00:00\",\"description\":\"Dr. P\u0131nar \u00dcretmen Hakk\u0131nda Merak Ettikleriniz ve Kim Oldu\u011funu, Dr. P\u0131nar \u00dcretmen Kimdir ?, Kitap ve Film Yorumlar\u0131n\u0131 g\u00f6rmek ve \u00f6\u011frenmek i\u00e7in.\",\"breadcrumb\":{\"@id\":\"https:\/\/pinaruretmen.com\/?page_id=23#breadcrumb\"},\"inLanguage\":\"tr\",\"potentialAction\":[{\"@type\":\"ReadAction\",\"target\":[\"https:\/\/pinaruretmen.com\/?page_id=23\"]}]},{\"@type\":\"ImageObject\",\"inLanguage\":\"tr\",\"@id\":\"https:\/\/pinaruretmen.com\/?page_id=23#primaryimage\",\"url\":\"https:\/\/pinaruretmen.com\/wp-content\/uploads\/2021\/08\/hakkimda.jpg\",\"contentUrl\":\"https:\/\/pinaruretmen.com\/wp-content\/uploads\/2021\/08\/hakkimda.jpg\",\"width\":360,\"height\":240,\"caption\":\"hakkimda-dr-pinar-\u00fcretmen\"},{\"@type\":\"BreadcrumbList\",\"@id\":\"https:\/\/pinaruretmen.com\/?page_id=23#breadcrumb\",\"itemListElement\":[{\"@type\":\"ListItem\",\"position\":1,\"name\":\"Anasayfa\",\"item\":\"https:\/\/pinaruretmen.com\/\"},{\"@type\":\"ListItem\",\"position\":2,\"name\":\"Hakk\u0131mda\"}]},{\"@type\":\"WebSite\",\"@id\":\"https:\/\/pinaruretmen.com\/#website\",\"url\":\"https:\/\/pinaruretmen.com\/\",\"name\":\"Dr. P\u0131nar \u00dcretmen\",\"description\":\"Kitap ve Film Yorumlar\u0131\",\"publisher\":{\"@id\":\"https:\/\/pinaruretmen.com\/#\/schema\/person\/313099443201f94974a1da41a2d91e25\"},\"potentialAction\":[{\"@type\":\"SearchAction\",\"target\":{\"@type\":\"EntryPoint\",\"urlTemplate\":\"https:\/\/pinaruretmen.com\/?s={search_term_string}\"},\"query-input\":\"required name=search_term_string\"}],\"inLanguage\":\"tr\"},{\"@type\":[\"Person\",\"Organization\"],\"@id\":\"https:\/\/pinaruretmen.com\/#\/schema\/person\/313099443201f94974a1da41a2d91e25\",\"name\":\"P\u0131nar \u00dcretmen\",\"image\":{\"@type\":\"ImageObject\",\"inLanguage\":\"tr\",\"@id\":\"https:\/\/pinaruretmen.com\/#\/schema\/person\/image\/\",\"url\":\"https:\/\/pinaruretmen.com\/wp-content\/uploads\/2021\/08\/logo-100px.png\",\"contentUrl\":\"https:\/\/pinaruretmen.com\/wp-content\/uploads\/2021\/08\/logo-100px.png\",\"width\":457,\"height\":100,\"caption\":\"P\u0131nar \u00dcretmen\"},\"logo\":{\"@id\":\"https:\/\/pinaruretmen.com\/#\/schema\/person\/image\/\"},\"sameAs\":[\"https:\/\/pinaruretmen.com\"]}]}<\/script>\n<!-- \/ Yoast SEO plugin. -->","yoast_head_json":{"title":"Hakk\u0131mda | Dr. P\u0131nar \u00dcretmen | Kimdir ? | Merak Ettikleriniz","description":"Dr. P\u0131nar \u00dcretmen Hakk\u0131nda Merak Ettikleriniz ve Kim Oldu\u011funu, Dr. P\u0131nar \u00dcretmen Kimdir ?, Kitap ve Film Yorumlar\u0131n\u0131 g\u00f6rmek ve \u00f6\u011frenmek i\u00e7in.","robots":{"index":"index","follow":"follow","max-snippet":"max-snippet:-1","max-image-preview":"max-image-preview:large","max-video-preview":"max-video-preview:-1"},"canonical":"https:\/\/pinaruretmen.com\/?page_id=23","og_locale":"tr_TR","og_type":"article","og_title":"Hakk\u0131mda | Dr. P\u0131nar \u00dcretmen | Kimdir ? | Merak Ettikleriniz","og_description":"Dr. P\u0131nar \u00dcretmen Hakk\u0131nda Merak Ettikleriniz ve Kim Oldu\u011funu, Dr. P\u0131nar \u00dcretmen Kimdir ?, Kitap ve Film Yorumlar\u0131n\u0131 g\u00f6rmek ve \u00f6\u011frenmek i\u00e7in.","og_url":"https:\/\/pinaruretmen.com\/?page_id=23","og_site_name":"Dr. P\u0131nar \u00dcretmen","article_modified_time":"2021-08-09T10:51:51+00:00","og_image":[{"width":360,"height":240,"url":"https:\/\/pinaruretmen.com\/wp-content\/uploads\/2021\/08\/hakkimda.jpg","type":"image\/jpeg"}],"twitter_card":"summary_large_image","twitter_misc":{"Tahmini okuma s\u00fcresi":"1 dakika"},"schema":{"@context":"https:\/\/schema.org","@graph":[{"@type":"WebPage","@id":"https:\/\/pinaruretmen.com\/?page_id=23","url":"https:\/\/pinaruretmen.com\/?page_id=23","name":"Hakk\u0131mda | Dr. P\u0131nar \u00dcretmen | Kimdir ? | Merak Ettikleriniz","isPartOf":{"@id":"https:\/\/pinaruretmen.com\/#website"},"primaryImageOfPage":{"@id":"https:\/\/pinaruretmen.com\/?page_id=23#primaryimage"},"image":{"@id":"https:\/\/pinaruretmen.com\/?page_id=23#primaryimage"},"thumbnailUrl":"https:\/\/pinaruretmen.com\/wp-content\/uploads\/2021\/08\/hakkimda.jpg","datePublished":"2018-02-15T07:15:49+00:00","dateModified":"2021-08-09T10:51:51+00:00","description":"Dr. P\u0131nar \u00dcretmen Hakk\u0131nda Merak Ettikleriniz ve Kim Oldu\u011funu, Dr. P\u0131nar \u00dcretmen Kimdir ?, Kitap ve Film Yorumlar\u0131n\u0131 g\u00f6rmek ve \u00f6\u011frenmek i\u00e7in.","breadcrumb":{"@id":"https:\/\/pinaruretmen.com\/?page_id=23#breadcrumb"},"inLanguage":"tr","potentialAction":[{"@type":"ReadAction","target":["https:\/\/pinaruretmen.com\/?page_id=23"]}]},{"@type":"ImageObject","inLanguage":"tr","@id":"https:\/\/pinaruretmen.com\/?page_id=23#primaryimage","url":"https:\/\/pinaruretmen.com\/wp-content\/uploads\/2021\/08\/hakkimda.jpg","contentUrl":"https:\/\/pinaruretmen.com\/wp-content\/uploads\/2021\/08\/hakkimda.jpg","width":360,"height":240,"caption":"hakkimda-dr-pinar-\u00fcretmen"},{"@type":"BreadcrumbList","@id":"https:\/\/pinaruretmen.com\/?page_id=23#breadcrumb","itemListElement":[{"@type":"ListItem","position":1,"name":"Anasayfa","item":"https:\/\/pinaruretmen.com\/"},{"@type":"ListItem","position":2,"name":"Hakk\u0131mda"}]},{"@type":"WebSite","@id":"https:\/\/pinaruretmen.com\/#website","url":"https:\/\/pinaruretmen.com\/","name":"Dr. P\u0131nar \u00dcretmen","description":"Kitap ve Film Yorumlar\u0131","publisher":{"@id":"https:\/\/pinaruretmen.com\/#\/schema\/person\/313099443201f94974a1da41a2d91e25"},"potentialAction":[{"@type":"SearchAction","target":{"@type":"EntryPoint","urlTemplate":"https:\/\/pinaruretmen.com\/?s={search_term_string}"},"query-input":"required name=search_term_string"}],"inLanguage":"tr"},{"@type":["Person","Organization"],"@id":"https:\/\/pinaruretmen.com\/#\/schema\/person\/313099443201f94974a1da41a2d91e25","name":"P\u0131nar \u00dcretmen","image":{"@type":"ImageObject","inLanguage":"tr","@id":"https:\/\/pinaruretmen.com\/#\/schema\/person\/image\/","url":"https:\/\/pinaruretmen.com\/wp-content\/uploads\/2021\/08\/logo-100px.png","contentUrl":"https:\/\/pinaruretmen.com\/wp-content\/uploads\/2021\/08\/logo-100px.png","width":457,"height":100,"caption":"P\u0131nar \u00dcretmen"},"logo":{"@id":"https:\/\/pinaruretmen.com\/#\/schema\/person\/image\/"},"sameAs":["https:\/\/pinaruretmen.com"]}]}},"_links":{"self":[{"href":"https:\/\/pinaruretmen.com\/index.php?rest_route=\/wp\/v2\/pages\/23","targetHints":{"allow":["GET"]}}],"collection":[{"href":"https:\/\/pinaruretmen.com\/index.php?rest_route=\/wp\/v2\/pages"}],"about":[{"href":"https:\/\/pinaruretmen.com\/index.php?rest_route=\/wp\/v2\/types\/page"}],"author":[{"embeddable":true,"href":"https:\/\/pinaruretmen.com\/index.php?rest_route=\/wp\/v2\/users\/1"}],"replies":[{"embeddable":true,"href":"https:\/\/pinaruretmen.com\/index.php?rest_route=%2Fwp%2Fv2%2Fcomments&post=23"}],"version-history":[{"count":7,"href":"https:\/\/pinaruretmen.com\/index.php?rest_route=\/wp\/v2\/pages\/23\/revisions"}],"predecessor-version":[{"id":399,"href":"https:\/\/pinaruretmen.com\/index.php?rest_route=\/wp\/v2\/pages\/23\/revisions\/399"}],"wp:featuredmedia":[{"embeddable":true,"href":"https:\/\/pinaruretmen.com\/index.php?rest_route=\/wp\/v2\/media\/361"}],"wp:attachment":[{"href":"https:\/\/pinaruretmen.com\/index.php?rest_route=%2Fwp%2Fv2%2Fmedia&parent=23"}],"curies":[{"name":"wp","href":"https:\/\/api.w.org\/{rel}","templated":true}]}}